 52.
51
Calculate the remainder when 2334315 is divided by 109.
80
Calculate the remainder when 949836 is divided by 6981.
420
What is the remainder when 304332 is divided by 12679?
36
What is the remainder when 13003 is divided by 5535?
1933
Calculate the remainder when 3408981 is divided by 610.
301
What is the remainder when 39750956 is divided by 187?
179
Calculate the remainder when 122500 is divided by 57293.
7914
What is the remainder when 104938719 is divided by 41?
39
Calculate the remainder when 562854 is divided by 7033.
214
Calculate the remainder when 182425 is divided by 485.
65
Calculate the remainder when 5963758 is divided by 5963740.
18
What is the remainder when 6845517 is divided by 32?
13
Calculate the remainder when 18675076 is divided by 20866.
6
What is the remainder when 17675 is divided by 17673?
2
Calculate the remainder when 153493 is divided by 38314.
237
What is the remainder when 120666336 is divided by 85?
81
Calculate the remainder when 260783 is divided by 880.
303
What is the remainder when 50107452 is divided by 107?
101
Calculate the remainder when 980374 is divided by 8548.
5902
What is the remainder when 909613 is divided by 8501?
6
What is the remainder when 1017543 is divided by 11457?
9327
Calculate the remainder when 5268962 is divided by 797.
792
Calculate the remainder when 130698 is divided by 18665.
43
Calculate the remainder when 240442 is divided by 301.
244
What is the remainder when 2112593 is divided by 234711?
194
Calculate the remainder when 7094862 is divided by 539.
5
Calculate the remainder when 82057 is divided by 2564.
9
Calculate the remainder when 6665979 is divided by 981.
84
What is the remainder when 4272681 is divided by 20?
1
Calculate the remainder when 172347510 is divided by 221.
218
What is the remainder when 13481 is divided by 69?
26
What is the remainder when 171553970 is divided by 1137?
1136
What is the remainder when 6636558 is divided by 1277?
1266
What is the remainder when 4541738 is divided by 504629?
77
Calculate the remainder when 36593350 is divided by 3064.
3062
What is the remainder when 9805326 is divided by 4459?
4444
Calculate the remainder when 76543503 is divided by 626.
605
Calculate the remainder when 398783 is divided by 398700.
83
What is the remainder when 179358 is divided by 13790?
88
Calculate the remainder when 637520 is divided by 37500.
20
What is the remainder when 38939594 is divided by 75?
44
What is the remainder when 12104 is divided by 4465?
3174
What is the remainder when 50936 is divided by 1423?
1131
Calculate the remainder when 18764389 is divided by 4375.
14
Calculate the remainder when 4259940 is divided by 250573.
199
What is the remainder when 481724 is divided by 59?
48
Calculate the remainder when 788938 is divided by 7810.
128
What is the remainder when 161219 is divided by 13427?
95
Calculate the remainder when 3334272 is divided by 839.
86
What is the remainder when 57716 is divided by 27176?
3364
What is the remainder when 172984 is divided by 275?
9
Calculate the remainder when 1160395 is divided by 40.
35
Calculate the remainder when 53964 is divided by 51977.
1987
What is the remainder when 30782102 is divided by 6156415?
27
Calculate the remainder when 586417 is divided by 2903.
11
Calculate the remainder when 50233794 is divided by 25116889.
16
What is the remainder when 848904 is divided by 70?
14
What is the remainder when 1008821 is divided by 3772?
1697
Calculate the remainder when 963704670 is divided by 1148.
1146
Calculate the remainder when 25118401 is divided by 279.
31
Calculate the remainder when 5714938 is divided by 163.
158
What is the remainder when 2946 is divided by 901?
243
Calculate the remainder when 1129600 is divided by 1539.
1513
What is the remainder when 7697957 is divided by 226410?
17
What is the remainder when 206031 is divided by 4370?
641
What is the remainder when 80776 is divided by 1063?
1051
What is the remainder when 11839819 is divided by 200?
19
Calculate the remainder when 459108 is divided by 201.
24
Calculate the remainder when 143679 is divided by 143676.
3
Calculate the remainder when 7940150 is divided by 476.
470
Calculate the remainder when 953218 is divided by 399.
7
What is the remainder when 294775036 is divided by 12608?
12604
Calculate the remainder when 56412529 is divided by 32.
17
What is the remainder when 66517 is divided by 77?
66
Calculate the remainder when 27090 is divided by 13214.
662
What is the remainder when 31170 is divided by 7130?
2650
Calculate the remainder when 11435439 is divided by 2499.
15
Calculate the remainder when 6137915 is divided by 544.
507
Calculate the remainder when 1107651 is divided by 1107651.
0
What is the remainder when 16796320 is divided by 45?
25
Calculate the remainder when 91636541 is divided by 7.
3
What is the remainder when 528182 is divided by 817?
400
What is the remainder when 225156 is divided by 28140?
36
Calculate the remainder when 35481529 is divided by 11827175.
4
Calculate the remainder when 5454926 is divided by 91.
22
Calculate the remainder when 39040 is divided by 9700.
240
What is the remainder when 1698867 is divided by 5071?
82
Calculate the remainder when 754699 is divided by 1308.
1291
Calculate the remainder when 683655 is divided by 226.
5
Calculate the remainder when 215279687 is divided by 19.
16
Calculate the remainder when 13167263 is divided by 122.
47
What is the remainder when 6565170 is divided by 136774?
18
Calculate the remainder when 2357489 is divided by 731.
14
Calculate the remainder when 13279450 is divided by 307.
165
What is the remainder when 92314085 is divided by 1446?
1445
Calculate the remainder when 14839697 is divided by 5.
2
What is the remainder when 5848207 is divided by 542?
27
What is the remainder when 4202691 is divided by 23744?
3
What is the remainder when 11106436 is divided by 17?
13
Calculate the remainder when 34232933 is divided by 2282189.
98
Calculate the remainder when 43026357 is divided by 20.
17
What is the remainder when 43721910 is divided by 2672?
2646
Calculate the remainder when 753369 is divided by 1576.
41
What is the remainder when 121699572 is divided by 15?
12
Calculate the remainder when 3147399 is divided by 1573691.
17
Calculate the remainder when 2016737 is divided by 4836.
125
Calculate the remainder when 1739594 is divided by 93.
29
What is the remainder when 120602141 is divided by 1230634?
9
What is the remainder when 265449 is divided by 1793?
85
What is the remainder when 2522533 is divided by 1490?
1453
Calculate the remainder when 1678744 is divided by 50871.
1
What is the remainder when 11903 is divided by 3521?
1340
Calculate the remainder when 4463684 is divided by 1115917.
16
What is the remainder when 31003382 is divided by 437?
417
Calculate the remainder when 175985374 is divided by 3199734.
4
What is the remainder when 824643 is divided by 1263?
1167
Calculate the remainder when 503628 is divided by 4094.
66
Calculate the remainder when 124499321 is divided by 438.
11
Calculate the remainder when 139597 is divided by 1713.
844
Calculate the remainder when 4094296 is divided by 1023572.
8
What is the remainder when 218781 is divided by 283?
22
Calculate the remainder when 189001 is divided by 8215.
56
What is the remainder when 689023 is divided by 687?
649
What is the remainder when 221786 is divided by 14778?
116
Calculate the remainder when 190702 is divided by 190344.
358
What is the remainder when 387221390 is divided by 3486?
3482
What is the remainder when 1109492 is divided by 208?
20
What is the remainder when 61007058 is divided by 11052?
18
Calculate the remainder when 74589725 is divided by 65.
15
What is the remainder when 158514 is divided by 153743?
4771
Calculate the remainder when 27078547 is divided by 12.
7
What is the remainder when 237797 is divided by 237333?
464
What is the remainder when 22849106 is divided by 455?
371
What is the remainder when 176503045 is divided by 256?
5
Calculate the remainder when 323672 is divided by 45897.
2393
Calculate the remainder when 18560 is divided by 8905.
750
Calculate the remainder when 5361053 is divided by 2985.
2978
Calculate the remainder when 24695935 is divided 